s the remainder when 1422695 is divided by 74870?
165
Calculate the remainder when 887528 is divided by 20.
8
What is the remainder when 10741307 is divided by 2685324?
11
What is the remainder when 82741109 is divided by 48?
5
Calculate the remainder when 10428 is divided by 556.
420
Calculate the remainder when 1167322 is divided by 109.
41
Calculate the remainder when 1132575 is divided by 282983.
643
What is the remainder when 631105 is divided by 2043?
1861
Calculate the remainder when 713260 is divided by 59438.
4
What is the remainder when 5789 is divided by 9?
2
What is the remainder when 7515352 is divided by 52925?
2
What is the remainder when 2620665 is divided by 2425?
1665
What is the remainder when 6975146 is divided by 12965?
12941
What is the remainder when 5123 is divided by 5014?
109
Calculate the remainder when 314034830 is divided by 61.
59
What is the remainder when 4307598 is divided by 1435857?
27
Calculate the remainder when 113013605 is divided by 6510.
5
Calculate the remainder when 421927 is divided by 3767.
23
What is the remainder when 3468 is divided by 691?
13
Calculate the remainder when 42853 is divided by 7085.
343
Calculate the remainder when 127426 is divided by 4719.
13
Calculate the remainder when 50288638 is divided by 30.
28
Calculate the remainder when 2161482 is divided by 240163.
15
Calculate the remainder when 1392245 is divided by 103.
97
What is the remainder when 1851866 is divided by 1057?
2
What is the remainder when 188008 is divided by 931?
877
Calculate the remainder when 14067145 is divided by 1146.
1141
Calculate the remainder when 949839 is divided by 237218.
967
What is the remainder when 11004358 is divided by 379460?
18
Calculate the remainder when 17558516 is divided by 129.
68
What is the remainder when 125732 is divided by 226?
76
What is the remainder when 22183786 is divided by 20?
6
What is the remainder when 35245899 is divided by 5035124?
31
Calculate the remainder when 71101702 is divided by 11850283.
4
Calculate the remainder when 27668728 is divided by 74983.
1
Calculate the remainder when 4489463 is divided by 28964.
43
Calculate the remainder when 392882 is divided by 321.
299
What is the remainder when 769128 is divided by 600?
528
What is the remainder when 94439145 is divided by 3246?
21
What is the remainder when 125151 is divided by 3713?
2622
What is the remainder when 58717 is divided by 5807?
647
Calculate the remainder when 59968188 is divided by 118.
116
Calculate the remainder when 135051 is divided by 231.
147
Calculate the remainder when 7486841 is divided by 1871465.
981
What is the remainder when 1306291 is divided by 7509?
7234
Calculate the remainder when 136837 is divided by 22641.
991
What is the remainder when 565526826 is divided by 483?
480
Calculate the remainder when 21235897 is divided by 447.
268
What is the remainder when 143912 is divided by 249?
239
What is the remainder when 119286 is divided by 38329?
4299
What is the remainder when 59754142 is divided by 12?
10
What is the remainder when 9304364 is divided by 2329?
9
Calculate the remainder when 3446323 is divided by 123.
109
What is the remainder when 61776 is divided by 1415?
931
Calculate the remainder when 15411 is divided by 4602.
1605
What is the remainder when 1320060116 is divided by 1510?
1506
Calculate the remainder when 675307 is divided by 9150.
7357
What is the remainder when 21006745 is divided by 1235690?
15
Calculate the remainder when 312253 is divided by 448.
445
Calculate the remainder when 44397 is divided by 11531.
9804
Calculate the remainder when 2352619 is divided by 2131.
2126
What is the remainder when 6073266 is divided by 39?
30
Calculate the remainder when 28635 is divided by 7122.
147
What is the remainder when 375065 is divided by 409?
12
Calculate the remainder when 938212 is divided by 2218.
2216
Calculate the remainder when 14903348 is divided by 175.
173
Calculate the remainder when 570252 is divided by 8637.
210
What is the remainder when 1596473 is divided by 19955?
73
What is the remainder when 5473 is divided by 2655?
163
What is the remainder when 3048499 is divided by 47?
32
Calculate the remainder when 641472 is divided by 145.
137
What is the remainder when 370731 is divided by 13683?
1290
Calculate the remainder when 469254 is divided by 685.
29
Calculate the remainder when 786078 is divided by 112290.
48
What is the remainder when 16830 is divided by 1486?
484
Calculate the remainder when 1739244 is divided by 79.
59
Calculate the remainder when 24710 is divided by 24663.
47
What is the remainder when 30865733 is divided by 15432858?
17
Calculate the remainder when 30263686 is divided by 222.
202
What is the remainder when 148094 is divided by 4815?
3644
What is the remainder when 33643550 is divided by 478?
476
What is the remainder when 4119202 is divided by 285?
97
What is the remainder when 1078227 is divided by 18916?
15
Calculate the remainder when 28575 is divided by 3823.
1814
What is the remainder when 2981765 is divided by 2346?
2345
Calculate the remainder when 2981283 is divided by 3676.
47
What is the remainder when 2930338 is divided by 2930314?
24
What is the remainder when 89964579 is divided by 470?
469
Calculate the remainder when 815440774 is divided by 43.
40
What is the remainder when 23863613 is divided by 6?
5
Calculate the remainder when 24618278 is divided by 64110.
38
Calculate the remainder when 447517 is divided by 91.
70
What is the remainder when 984462 is divided by 328148?
18
What is the remainder when 451789 is divided by 63?
16
What is the remainder when 3306200 is divided by 280?
240
What is the remainder when 550916 is divided by 1155?
1136
What is the remainder when 203793 is divided by 12730?
113
Calculate the remainder when 4560522 is divided by 63340.
42
What is the remainder when 297611398 is divided by 137?
133
What is the remainder when 87211 is divided by 516?
7
Calculate the remainder when 12090605 is divided by 17.
1
What is the remainder when 2622388 is divided by 237?
220
Calculate the remainder when 988404 is divided by 2332.
1968
What is the remainder when 1057709 is divided by 1130?
29
What is the remainder when 4959901 is divided by 217?
149
Calculate the remainder when 1464850 is divided by 84.
58
Calculate the remainder when 23516552 is divided by 498.
494
Calculate the remainder when 135652101 is divided by 504.
501
What is the remainder when 15061 is divided by 6742?
1577
What is the remainder when 17415375 is divided by 51?
48
What is the remainder when 1221389 is divided by 3056?
2045
Calculate the remainder when 393800 is divided by 2210.
420
What is the remainder when 7869819 is divided by 912?
171
Calculate the remainder when 4421952 is divided by 2210970.
12
Calculate the remainder when 171859 is divided by 4290.
259
Calculate the remainder when 13266271 is divided by 86.
83
What is the remainder when 2333969 is divided by 333422?
15
What is the remainder when 4081372 is divided by 11?
9
Calculate the remainder when 7856809 is divided by 1444.
5
Calculate the remainder when 27392030 is divided by 7.
1
Calculate the remainder when 43707373 is divided by 110.
83
What is the remainder when 3747022 is divided by 1248995?
37
What is the remainder when 1565506 is divided by 521798?
112
What is the remainder when 14438746 is divided by 215?
206
Calculate the remainder when 71262 is divided by 389.
75
Calculate the remainder when 735887 is divided by 288.
47
What is the remainder when 3939886 is divided by 1039?
1037
Calculate the remainder when 4762043 is divided by 48.
11
What is the remainder when 43796381 is divided by 19?
13
Calculate the remainder when 6376375 is divided by 74.
17
What is the remainder when 901518 is divided by 64393?
16
What is the remainder when 262077 is divided by 320?
317
What is the remainder when 13915149 is divided by 3579?
3576
What is the remainder when 1562039 is divided by 72?
71
What is the remainder when 3649927 is divided by 31?
18
Calculate the remainder when 8006468 is divided by 320.
68
Calculate the remainder when 400037 is divided by 133332.
41
Calculate the remainder when 41208152 is divided by 17.
16
Calculate the remainder when 4072351 is divide